lse
Is 10087 a multiple of 8?
False
Does 10 divide 16140?
True
Is 228 a factor of 20976?
True
Does 18 divide 19134?
True
Is 1596 a multiple of 14?
True
Is 7 a factor of 336?
True
Is 42 a factor of 3859?
False
Does 4 divide 96?
True
Does 9 divide 151?
False
Is 1056 a multiple of 9?
False
Is 33774 a multiple of 13?
True
Does 36 divide 646?
False
Is 23 a factor of 6256?
True
Is 15 a factor of 4562?
False
Is 520 a multiple of 26?
True
Is 8746 a multiple of 11?
False
Is 6 a factor of 960?
True
Is 16 a factor of 1490?
False
Is 15 a factor of 400?
False
Is 4650 a multiple of 15?
True
Does 81 divide 2165?
False
Is 197 a factor of 17982?
False
Does 80 divide 320?
True
Is 6480 a multiple of 9?
True
Does 55 divide 770?
True
Is 35 a factor of 17297?
False
Is 11145 a multiple of 2?
False
Is 39 a multiple of 4?
False
Is 702 a multiple of 2?
True
Is 77463 a multiple of 151?
True
Does 19 divide 8702?
True
Is 14 a factor of 795?
False
Does 37 divide 1443?
True
Is 64 a multiple of 2?
True
Is 396 a multiple of 2?
True
Is 803 a multiple of 11?
True
Is 5619 a multiple of 9?
False
Does 22 divide 391?
False
Does 4 divide 341?
False
Is 5 a factor of 26?
False
Is 76 a factor of 1596?
True
Is 1249 a multiple of 6?
False
Is 10 a factor of 269?
False
Is 92 a multiple of 4?
True
Is 7 a factor of 301?
True
Does 16 divide 13360?
True
Is 925 a multiple of 15?
False
Is 270 a multiple of 7?
False
Is 179 a multiple of 13?
False
Is 11 a factor of 665?
False
Does 2 divide 221?
False
Is 1956 a multiple of 9?
False
Is 1452 a multiple of 15?
False
Is 228 a multiple of 3?
True
Is 14 a factor of 98920?
False
Is 5 a factor of 72555?
True
Is 13 a factor of 35654?
False
Is 633 a multiple of 28?
False
Is 6 a factor of 80?
False
Is 3 a factor of 28199?
False
Does 24 divide 1037?
False
Is 15130 a multiple of 34?
True
Is 42 a factor of 4956?
True
Is 56 a factor of 3640?
True
Does 4 divide 196?
True
Is 905 a multiple of 2?
False
Does 38 divide 2649?
False
Is 1273 a multiple of 82?
False
Does 18 divide 12757?
False
Is 16 a factor of 2240?
True
Does 5 divide 240?
True
Is 37 a factor of 2701?
True
Is 15 a factor of 1335?
True
Does 40 divide 2065?
False
Is 272 a multiple of 16?
True
Does 14 divide 43408?
False
Is 656 a multiple of 41?
True
Is 53 a factor of 3657?
True
Is 1326 a multiple of 13?
True
Does 16 divide 5088?
True
Is 51236 a multiple of 48?
False
Does 16 divide 71?
False
Is 33069 a multiple of 4?
False
Does 13 divide 29289?
True
Is 7 a factor of 12664?
False
Is 3 a factor of 93?
True
Does 217 divide 18527?
False
Does 60 divide 2400?
True
Is 62 a multiple of 31?
True
Is 5088 a multiple of 24?
True
Is 41 a factor of 1103?
False
Does 3 divide 16?
False
Is 4606 a multiple of 11?
False
Is 625 a multiple of 5?
True
Does 107 divide 4121?
False
Does 10 divide 258?
False
Is 34 a factor of 11220?
True
Is 10 a factor of 660?
True
Is 34 a factor of 14552?
True
Is 8 a factor of 416?
True
Is 42907 a multiple of 15?
False
Is 27 a factor of 405?
True
Is 1694 a multiple of 7?
True
Is 10 a factor of 2850?
True
Does 30 divide 2912?
False
Is 283 a multiple of 6?
False
Does 19 divide 2622?
True
Is 8 a factor of 31971?
False
Does 4 divide 952?
True
Is 20 a factor of 4340?
True
Is 5 a factor of 38119?
False
Is 975 a multiple of 15?
True
Is 704 a multiple of 32?
True
Is 15111 a multiple of 69?
True
Does 26 divide 1426?
False
Does 27 divide 1062?
False
Is 26596 a multiple of 41?
False
Is 1670 a multiple of 167?
True
Is 12284 a multiple of 83?
True
Is 5334 a multiple of 21?
True
Is 70 a factor of 140?
True
Is 13195 a multiple of 65?
True
Is 4920 a multiple of 12?
True
Does 14 divide 242?
False
Is 2128 a multiple of 19?
True
Is 34 a factor of 5644?
True
Does 16 divide 137263?
False
Does 53 divide 23657?
False
Does 72 divide 12672?
True
Does 41 divide 4235?
False
Is 5856 a multiple of 24?
True
Is 193 a factor of 68901?
True
Is 20 a factor of 626?
False
Does 2 divide 378?
True
Is 1098 a multiple of 14?
False
Does 52 divide 15444?
True
Is 81 a factor of 59538?
False
Is 21 a factor of 14104?
False
Is 11 a multiple of 11?
True
Is 27 a factor of 4131?
True
Is 29 a factor of 1146?
False
Does 79 divide 1185?
True
Is 179848 a multiple of 34?
False
Is 4 a factor of 25?
False
Does 11 divide 1032?
False
Does 175 divide 2625?
True
Does 2 divide 1232?
True
Is 73 a factor of 56502?
True
Does 4 divide 675?
False
Is 2604 a multiple of 84?
True
Does 15 divide 1141?
False
Is 90 a factor of 4140?
True
Does 24 divide 1192?
False
Is 262 a factor of 85150?
True
Is 40 a factor of 7400?
True
Is 7469 a multiple of 7?
True
Is 96 a factor of 8864?
False
Is 91 a factor of 21021?
True
Is 98363 a multiple of 154?
False
Does 27 divide 582?
False
Does 65 divide 780?
True
Is 18664 a multiple of 46?
False
Does 15 divide 4432?
False
Is 35 a factor of 12451?
False
Is 16507 a multiple of 16?
False
Does 11 divide 10664?
False
Does 241 divide 16143?
False
Does 24 divide 765?
False
Is 1292 a multiple of 76?
True
Is 72 a factor of 2816?
False
Does 197 divide 41672?
False
Is 5442 a multiple of 2?
True
Is 47 a factor of 1900?
False
Is 253 a multiple of 23?
True
Does 59 divide 3976?
False
Is 161 a multiple of 5?
False
Is 184 a factor of 34040?
True
Is 144 a multiple of 23?
False
Does 50 divide 574?
False
Is 20247 a multiple of 5?
False
Is 17 a factor of 8041?
True
Is 1582 a multiple of 11?
False
Is 4366 a multiple of 37?
True
Is 14 a factor of 81?
False
Is 55 a factor of 25685?
True
Is 26 a factor of 508?
False
Is 7 a factor of 318?
False
Is 51 a factor of 510?
True
Does 191 divide 55126?
False
Does 14 divide 230?
False
Is 3 a factor of 363?
True
Is 406 a multiple of 14?
True
Is 295 a multiple of 16?
False
Is 968 a multiple of 40?
False
Is 1682 a multiple of 76?
False
Does 10 divide 1361?
False
Does 14 divide 41176?
False
Is 16 a factor of 10160?
True
Does 14 divide 4961?
False
Is 23 a factor of 1807?
False
Does 84 divide 336?
True
Is 16 a factor of 1066?
False
Does 7 divide 14308?
True
Is 105 a multiple of 7?
True
Is 89 a multiple of 13?
False
Is 103 a factor of 3818?
False
Does 14 divide 10563?
False
Is 19 a factor of 178937?
False
Does 206 divide 16068?
True
Is 38 a factor of 532?
True
Is 17 a factor of 854?
False
Is 544 a multiple of 71?
False
Does 237 divide 58539?
True
Does 19 divide 32605?
False
Is 1688 a multiple of 4?
True
Is 20 a factor of 30879?
False
Is 18 a factor of 53683?
False
Is 32 a factor of 416?
True
Does 12 divide 206?
False
Is 64 a factor of 7232?
True
Is 28120 a multiple of 190?
True
Is 51 a factor of 357?
True
Does 17 divide 39864?
False
Is 6 a factor of 155?
False
Is 23 a factor of 17671?
False
Does 39 divide 57967?
False
Is 25649 a multiple of 22?
False
Is 55660 a multiple of 196?
False
Is 560 a multiple of 35?
True
Does 13 divide 17075?
False
Does 19 divide 132?
False
Does 216 divide 6833?
False
Is 8 a factor of 10435?
False
Is 376 a multiple of 13?
False
Does 10 divide 1420?
True
Is 645 a multiple of 5?
True
Does 3 divide 3?
True
Is 755 a multiple of 36?
False
Is 14 a factor of 518?
True
Does 5 divide 16414?
False
Does 16 divide 47040?
True
Is 60 a factor of 13920?
True
Is 122 a factor of 2196?
True
Does 14 divide 490?
True
Is 5776 a multiple of 4?
True
Is 100100 a multiple of 140?
True
Is 64 a factor of 3328?
True
Is 65648 a multiple of 11?
True
Does 66 divide 54714?
True
Is 96 a multiple of 16?
True
Is 1060 a multiple of 10?
True
Is 63 a factor of 1981?
False
Is 13 a factor of 169?
True
Does 2 divide 108?
True
Is 8 a factor of 3852?
False
Does 11 divide 3805?
False
Does 21 divide 2145?
False
Is 45 a factor of 74970?
True
Is 212 a factor of 46169?
False
Does 25 divide 3529?
False
Does 109 divide 7957?
True
Is 2455 a multiple of 27?
False
Does 114 divide 20748?
True
Is 30618 a multiple of 189?
True
Does 2 divide 17?
False
Is 176 a multiple of 16?
True
Is 1414 a multiple of 14?
True
Is 67 a multiple of 8?
False
Does 24 divide 1392?
True
Does 7 divide 253?
False
Is 2273 a multiple of 5?
False
Does 17 divide 136?
True
Is 14 a factor of 14960?
False
Does 12 divide 28476?
True
Does 30 divide 540?
True
Is 48 a multiple of 12?
True
Is 88461 a multiple of 25?
False
Is 975 a multiple of 13?
True
Is 31 a factor of 1812?
False
Is 14 a factor of 602?
True
Is 59 a factor of 1094?
False
Is 8768 a multiple of 126?
False
Is 1404 a multiple 